{"id":3171,"date":"2024-03-05T12:59:55","date_gmt":"2024-03-05T11:59:55","guid":{"rendered":"https:\/\/cobin.com.ar\/?post_type=product&#038;p=3171"},"modified":"2025-09-17T18:04:08","modified_gmt":"2025-09-17T16:04:08","slug":"sacahojas-plastico-red-plano-19-mm-vulcano","status":"publish","type":"product","link":"https:\/\/cobin.com.ar\/index.php\/producto\/sacahojas-plastico-red-plano-19-mm-vulcano\/","title":{"rendered":"Sacahojas Pl\u00e1stico Red Plano 19 mm Vulcano"},"content":{"rendered":"<p><strong>\u00a0Aplicaciones Sacahojas Pl\u00e1stico 19 mm Vulcano<\/strong><\/p>\n<ul>\n<li>El sacahojas pl\u00e1stico 19 mm Vulcano es \u00fatil para la remoci\u00f3n de \u00a0impurezas\u00a0en flotaci\u00f3n tales como hojas e insectos.<\/li>\n<li>El sacahojas pl\u00e1stico 19 mm Vulcano es adecuado en piscinas de uso dom\u00e9stico.<\/li>\n<\/ul>\n<p><strong>Ventajas Sacahojas Pl\u00e1stico 19 mm Vulcano<\/strong><\/p>\n<ul>\n<li>El sacahojas pl\u00e1stico 19 mm Vulcano posee gran\u00a0resistencia\u00a0estructural.<\/li>\n<li>F\u00e1cil de utilizar, el sacahojas pl\u00e1stico 19 mm Vulcano se desliza \u00a0f\u00e1cilmente\u00a0por la superficie de la\u00a0piscina\u00a0ya que posee el peso y tramado adecuado.<\/li>\n<li>Adecuada \u00a0\u00e1rea\u00a0de recolecci\u00f3n, el sacahojas pl\u00e1stico 19 mm Vulcano ha sido\u00a0dise\u00f1ado\u00a0para emplearse en piscinas peque\u00f1as y medianas.<\/li>\n<li>El sacahojas pl\u00e1stico 19 mm Vulcano es un producto totalmente nacional.<\/li>\n<li>El sacahojas pl\u00e1stico 19 mm Vulcano se acopla\u00a0f\u00e1cilmente\u00a0al mango Vulcano fijo de 19 mm.<\/li>\n<\/ul>\n<p><strong>Caracter\u00edsticas Sacahojas Pl\u00e1stico 19 mm Vulcano<\/strong><\/p>\n<ul>\n<li>El sacahojas pl\u00e1stico 19 mm Vulcano esta fabricado en termopl\u00e1sticos de adecuada resistencia.<\/li>\n<li>Cuenta con red plana de recolecci\u00f3n de resistencia y tramado apropiado para la\u00a0retenci\u00f3n\u00a0de las\u00a0impurezas\u00a0en flotaci\u00f3n.<\/li>\n<li>El sacahojas pl\u00e1stico 19 mm Vulcano posee encastre pl\u00e1stico para el ensamblado con el mango de 19 mm.<\/li>\n<\/ul>\n<p>&nbsp;<\/p>\n<p><strong>Dimensiones Sacahojas Pl\u00e1stico 19 mm Vulcano<\/strong><\/p>\n<p>&nbsp;<\/p>\n<p><img decoding=\"async\" src=\"http:\/\/www.tusta.com.ar\/admin\/imagenes\/sacahoja_cotas_vulcano_tusta-plastico.jpg\" \/><\/p>\n<p><img decoding=\"async\" src=\"http:\/\/www.tusta.com.ar\/admin\/imagenes\/medida-sacahojas-vulcano.jpg\" \/><\/p>\n<p><strong>Recomendacines Para el uso del Sacahojas Pl\u00e1stico 19 mm Vulcano<\/strong><\/p>\n<ul>\n<li>Utilizar el sacahojas pl\u00e1stico 19 mm Vulcano con mangos apropiados en largo y di\u00e1metro.<\/li>\n<li>Al desplazar el sacahojas pl\u00e1stico 19 mm Vulcano \u00a0aseg\u00farese\u00a0de realizar movimientos que no produzcan el\u00a0hundimiento\u00a0de las\u00a0impurezas\u00a0a remover.<\/li>\n<li>Una vez concluida la tarea poner el sacahojas pl\u00e1stico 19 mm Vulcano al resguardo de la exposici\u00f3n solar.<\/li>\n<\/ul>\n","protected":false},"excerpt":{"rendered":"<p>\u00a0Aplicaciones Sacahojas Pl\u00e1stico 19 mm Vulcano El sacahojas pl\u00e1stico 19 mm Vulcano es \u00fatil para la remoci\u00f3n de \u00a0impurezas\u00a0en flotaci\u00f3n tales como hojas e insectos. El sacahojas pl\u00e1stico 19 mm Vulcano es adecuado en piscinas de uso dom\u00e9stico. Ventajas Sacahojas Pl\u00e1stico 19 mm Vulcano El sacahojas pl\u00e1stico 19 mm Vulcano posee gran\u00a0resistencia\u00a0estructural. F\u00e1cil de utilizar, el sacahojas pl\u00e1stico 19 mm Vulcano se desliza \u00a0f\u00e1cilmente\u00a0por la superficie de la\u00a0piscina\u00a0ya que posee el peso y tramado adecuado. Adecuada \u00a0\u00e1rea\u00a0de recolecci\u00f3n, el sacahojas pl\u00e1stico 19 mm Vulcano ha sido\u00a0dise\u00f1ado\u00a0para emplearse en piscinas peque\u00f1as y medianas. El sacahojas pl\u00e1stico 19 mm Vulcano es un producto totalmente nacional. El sacahojas pl\u00e1stico 19 mm Vulcano se acopla\u00a0f\u00e1cilmente\u00a0al mango Vulcano fijo de 19 mm. Caracter\u00edsticas Sacahojas Pl\u00e1stico 19 mm Vulcano El sacahojas pl\u00e1stico 19 mm Vulcano esta fabricado en termopl\u00e1sticos de adecuada resistencia. Cuenta con red plana de recolecci\u00f3n de resistencia y tramado apropiado para la\u00a0retenci\u00f3n\u00a0de las\u00a0impurezas\u00a0en flotaci\u00f3n. El sacahojas pl\u00e1stico 19 mm Vulcano posee encastre pl\u00e1stico para el ensamblado con el mango de 19 mm. &nbsp; Dimensiones Sacahojas Pl\u00e1stico 19 mm Vulcano &nbsp; Recomendacines Para el uso del Sacahojas Pl\u00e1stico 19 mm Vulcano Utilizar el sacahojas pl\u00e1stico 19 mm Vulcano con mangos apropiados en largo y di\u00e1metro. Al desplazar el sacahojas pl\u00e1stico 19 mm Vulcano \u00a0aseg\u00farese\u00a0de realizar movimientos que no produzcan el\u00a0hundimiento\u00a0de las\u00a0impurezas\u00a0a remover. Una vez concluida la tarea poner el sacahojas pl\u00e1stico 19 mm Vulcano al resguardo de la exposici\u00f3n solar.<\/p>\n","protected":false},"featured_media":3172,"comment_status":"open","ping_status":"closed","template":"","meta":[],"product_brand":[],"product_cat":[119,135],"product_tag":[81],"class_list":{"0":"post-3171","1":"product","2":"type-product","3":"status-publish","4":"has-post-thumbnail","6":"product_cat-piscina","7":"product_cat-sacahojas","8":"product_tag-vulcano","10":"first","11":"instock","12":"shipping-taxable","13":"product-type-simple"},"jetpack_sharing_enabled":true,"_links":{"self":[{"href":"https:\/\/cobin.com.ar\/index.php\/wp-json\/wp\/v2\/product\/3171","targetHints":{"allow":["GET"]}}],"collection":[{"href":"https:\/\/cobin.com.ar\/index.php\/wp-json\/wp\/v2\/product"}],"about":[{"href":"https:\/\/cobin.com.ar\/index.php\/wp-json\/wp\/v2\/types\/product"}],"replies":[{"embeddable":true,"href":"https:\/\/cobin.com.ar\/index.php\/wp-json\/wp\/v2\/comments?post=3171"}],"version-history":[{"count":2,"href":"https:\/\/cobin.com.ar\/index.php\/wp-json\/wp\/v2\/product\/3171\/revisions"}],"predecessor-version":[{"id":5990,"href":"https:\/\/cobin.com.ar\/index.php\/wp-json\/wp\/v2\/product\/3171\/revisions\/5990"}],"wp:featuredmedia":[{"embeddable":true,"href":"https:\/\/cobin.com.ar\/index.php\/wp-json\/wp\/v2\/media\/3172"}],"wp:attachment":[{"href":"https:\/\/cobin.com.ar\/index.php\/wp-json\/wp\/v2\/media?parent=3171"}],"wp:term":[{"taxonomy":"product_brand","embeddable":true,"href":"https:\/\/cobin.com.ar\/index.php\/wp-json\/wp\/v2\/product_brand?post=3171"},{"taxonomy":"product_cat","embeddable":true,"href":"https:\/\/cobin.com.ar\/index.php\/wp-json\/wp\/v2\/product_cat?post=3171"},{"taxonomy":"product_tag","embeddable":true,"href":"https:\/\/cobin.com.ar\/index.php\/wp-json\/wp\/v2\/product_tag?post=3171"}],"curies":[{"name":"wp","href":"https:\/\/api.w.org\/{rel}","templated":true}]}}