{"id":3050,"date":"2024-03-04T22:10:58","date_gmt":"2024-03-04T21:10:58","guid":{"rendered":"https:\/\/cobin.com.ar\/?post_type=product&#038;p=3050"},"modified":"2025-09-17T17:54:07","modified_gmt":"2025-09-17T15:54:07","slug":"vulclor-bio-x-1-lt-vulcano","status":"publish","type":"product","link":"https:\/\/cobin.com.ar\/index.php\/producto\/vulclor-bio-x-1-lt-vulcano\/","title":{"rendered":"Vulclor Bio x 1 Lt Vulcano"},"content":{"rendered":"<div align=\"center\">\n<div id=\"lodeladerecha\" align=\"left\">\n<ul>\n<li>Vulclor bio l\u00edquido, desinfectante de alt\u00edsimo poder residual para combatir algas, hongos y bacterias que se desarrollan en el agua de la piscina.<\/li>\n<li>De aplicaci\u00f3n mensual, activo por 30 d\u00edas.<\/li>\n<li>Reduce el uso de qu\u00edmicos, compatible con el uso de cloro, no incrementa la alcalinidad del agua y no interfiere en el tratamiento sanitario de la misma.<\/li>\n<li>Presentaci\u00f3n 1 L.<\/li>\n<\/ul>\n<\/div>\n<\/div>\n","protected":false},"excerpt":{"rendered":"<p>Vulclor bio l\u00edquido, desinfectante de alt\u00edsimo poder residual para combatir algas, hongos y bacterias que se desarrollan en el agua de la piscina. De aplicaci\u00f3n mensual, activo por 30 d\u00edas. Reduce el uso de qu\u00edmicos, compatible con el uso de cloro, no incrementa la alcalinidad del agua y no interfiere en el tratamiento sanitario de la misma. Presentaci\u00f3n 1 L.<\/p>\n","protected":false},"featured_media":3053,"comment_status":"open","ping_status":"closed","template":"","meta":[],"product_brand":[],"product_cat":[119,126],"product_tag":[81],"class_list":{"0":"post-3050","1":"product","2":"type-product","3":"status-publish","4":"has-post-thumbnail","6":"product_cat-piscina","7":"product_cat-productos-quimicos","8":"product_tag-vulcano","10":"first","11":"instock","12":"shipping-taxable","13":"product-type-simple"},"jetpack_sharing_enabled":true,"_links":{"self":[{"href":"https:\/\/cobin.com.ar\/index.php\/wp-json\/wp\/v2\/product\/3050","targetHints":{"allow":["GET"]}}],"collection":[{"href":"https:\/\/cobin.com.ar\/index.php\/wp-json\/wp\/v2\/product"}],"about":[{"href":"https:\/\/cobin.com.ar\/index.php\/wp-json\/wp\/v2\/types\/product"}],"replies":[{"embeddable":true,"href":"https:\/\/cobin.com.ar\/index.php\/wp-json\/wp\/v2\/comments?post=3050"}],"version-history":[{"count":1,"href":"https:\/\/cobin.com.ar\/index.php\/wp-json\/wp\/v2\/product\/3050\/revisions"}],"predecessor-version":[{"id":3054,"href":"https:\/\/cobin.com.ar\/index.php\/wp-json\/wp\/v2\/product\/3050\/revisions\/3054"}],"wp:featuredmedia":[{"embeddable":true,"href":"https:\/\/cobin.com.ar\/index.php\/wp-json\/wp\/v2\/media\/3053"}],"wp:attachment":[{"href":"https:\/\/cobin.com.ar\/index.php\/wp-json\/wp\/v2\/media?parent=3050"}],"wp:term":[{"taxonomy":"product_brand","embeddable":true,"href":"https:\/\/cobin.com.ar\/index.php\/wp-json\/wp\/v2\/product_brand?post=3050"},{"taxonomy":"product_cat","embeddable":true,"href":"https:\/\/cobin.com.ar\/index.php\/wp-json\/wp\/v2\/product_cat?post=3050"},{"taxonomy":"product_tag","embeddable":true,"href":"https:\/\/cobin.com.ar\/index.php\/wp-json\/wp\/v2\/product_tag?post=3050"}],"curies":[{"name":"wp","href":"https:\/\/api.w.org\/{rel}","templated":true}]}}