{"id":2589,"date":"2024-02-26T20:00:52","date_gmt":"2024-02-26T19:00:52","guid":{"rendered":"https:\/\/cobin.com.ar\/?post_type=product&#038;p=2589"},"modified":"2025-10-01T17:09:15","modified_gmt":"2025-10-01T15:09:15","slug":"bomba-circuladora-calefaccion-rowa-5-1-2","status":"publish","type":"product","link":"https:\/\/cobin.com.ar\/index.php\/producto\/bomba-circuladora-calefaccion-rowa-5-1-2\/","title":{"rendered":"Bomba Circuladora Calefacci\u00f3n Rowa 5\/1"},"content":{"rendered":"<ul>\n<li>Circulaci\u00f3n de agua caliente para sistemas de calefacci\u00f3n, radiadores y losa radiante.<\/li>\n<li>Indicado para temperatura hasta 95\u00b0C.<\/li>\n<li>Circulaci\u00f3n de agua para refrigeraci\u00f3n de m\u00e1quinas, etc.<\/li>\n<li>Totalmente silencioso.<\/li>\n<li>Bobinado protegido contra funcionamiento en seco, se apaga autom\u00e1ticamente.<\/li>\n<li>Posee protector t\u00e9rmico incorporado.<\/li>\n<li>No produce golpes de ariete.<\/li>\n<\/ul>\n","protected":false},"excerpt":{"rendered":"<ul>\n<li>Consumo el\u00e9ctrico 0,6 A.<\/li>\n<li>Potencia 0,10 hp.<\/li>\n<li>Tipo de aislaci\u00f3n F.<\/li>\n<li>Altura m\u00e1xima 5,7 mca.<\/li>\n<li>Caudal m\u00e1ximo 4700 L\/h.<\/li>\n<li>Garant\u00eda oficial por 2 a\u00f1os.<\/li>\n<\/ul>\n","protected":false},"featured_media":2594,"comment_status":"open","ping_status":"closed","template":"","meta":[],"product_brand":[],"product_cat":[56,61],"product_tag":[77],"class_list":{"0":"post-2589","1":"product","2":"type-product","3":"status-publish","4":"has-post-thumbnail","6":"product_cat-bombas","7":"product_cat-circuladora-calefaccion","8":"product_tag-rowa","10":"first","11":"instock","12":"shipping-taxable","13":"purchasable","14":"product-type-simple"},"jetpack_sharing_enabled":true,"_links":{"self":[{"href":"https:\/\/cobin.com.ar\/index.php\/wp-json\/wp\/v2\/product\/2589","targetHints":{"allow":["GET"]}}],"collection":[{"href":"https:\/\/cobin.com.ar\/index.php\/wp-json\/wp\/v2\/product"}],"about":[{"href":"https:\/\/cobin.com.ar\/index.php\/wp-json\/wp\/v2\/types\/product"}],"replies":[{"embeddable":true,"href":"https:\/\/cobin.com.ar\/index.php\/wp-json\/wp\/v2\/comments?post=2589"}],"version-history":[{"count":1,"href":"https:\/\/cobin.com.ar\/index.php\/wp-json\/wp\/v2\/product\/2589\/revisions"}],"predecessor-version":[{"id":5948,"href":"https:\/\/cobin.com.ar\/index.php\/wp-json\/wp\/v2\/product\/2589\/revisions\/5948"}],"wp:featuredmedia":[{"embeddable":true,"href":"https:\/\/cobin.com.ar\/index.php\/wp-json\/wp\/v2\/media\/2594"}],"wp:attachment":[{"href":"https:\/\/cobin.com.ar\/index.php\/wp-json\/wp\/v2\/media?parent=2589"}],"wp:term":[{"taxonomy":"product_brand","embeddable":true,"href":"https:\/\/cobin.com.ar\/index.php\/wp-json\/wp\/v2\/product_brand?post=2589"},{"taxonomy":"product_cat","embeddable":true,"href":"https:\/\/cobin.com.ar\/index.php\/wp-json\/wp\/v2\/product_cat?post=2589"},{"taxonomy":"product_tag","embeddable":true,"href":"https:\/\/cobin.com.ar\/index.php\/wp-json\/wp\/v2\/product_tag?post=2589"}],"curies":[{"name":"wp","href":"https:\/\/api.w.org\/{rel}","templated":true}]}}