{"id":2472,"date":"2024-02-26T15:57:20","date_gmt":"2024-02-26T14:57:20","guid":{"rendered":"https:\/\/cobin.com.ar\/?post_type=product&#038;p=2472"},"modified":"2025-09-16T17:32:39","modified_gmt":"2025-09-16T15:32:39","slug":"tanque-rotoplas-biodigestor-950-l","status":"publish","type":"product","link":"https:\/\/cobin.com.ar\/index.php\/producto\/tanque-rotoplas-biodigestor-950-l\/","title":{"rendered":"Tanque Rotoplas Biodigestor 950 L"},"content":{"rendered":"<p><strong>Caracter\u00edsticas:<\/strong><\/p>\n<ul>\n<li>El Biodigestor Autolimpiable es el \u00fanico patentado, el cual permitir\u00e1 sustituir de manera m\u00e1s eficiente el uso de fosas s\u00e9pticas. Esto gracias a que es capaz de realizar un tratamiento de aguas residuales a beneficio del medio ambiente y sin contaminar las napas fre\u00e1ticas.<\/li>\n<li>Soluci\u00f3n a tus necesidades.<\/li>\n<li>Amigable con tu entorno.<\/li>\n<li>El Biodigestor Autolimpiable realiza un tratamiento de agua primaria beneficiando el cuidado del medio ambiente y evitando la contaminaci\u00f3n de los mantos fre\u00e1ticos.<\/li>\n<li>Aporta puntos para la certificaci\u00f3n LEED al ser un producto sustentable, adem\u00e1s de que cumple con la Norma NOM-006-CONAGUA-1997<\/li>\n<li>Fosas s\u00e9pticas prefabricadas y especificaciones y m\u00e9todos de prueba.<\/li>\n<\/ul>\n<div align=\"center\">\n<div id=\"lodeladerecha\" align=\"left\"><\/div>\n<\/div>\n<div><\/div>\n<div align=\"center\">\n<div align=\"center\">\n<form id=\"form1\" action=\"https:\/\/www.tusta.com.ar\/producto.php?id_producto=1725&amp;%20Biodigestores%20Domesticos%20Rotoplas%20Tanque%20Rotoplas%20Biodigestor%20950%20L\" method=\"post\" name=\"form1\">\n<div align=\"center\"><\/div>\n<\/form>\n<\/div>\n<\/div>\n","protected":false},"excerpt":{"rendered":"<p>En zonas que no cuentan con drenaje, un Biodigestor Autolimpiable funciona de forma segura y es muy econ\u00f3mico, ya que ahorra costos de mantenimiento al ser autolimpiable.<br \/>\nSu exclusiva formulaci\u00f3n evita fisuras y filtraciones, su funcionamiento es aut\u00f3nomo y de f\u00e1cil instalaci\u00f3n.<\/p>\n","protected":false},"featured_media":2475,"comment_status":"open","ping_status":"closed","template":"","meta":[],"product_brand":[],"product_cat":[52,53],"product_tag":[76],"class_list":{"0":"post-2472","1":"product","2":"type-product","3":"status-publish","4":"has-post-thumbnail","6":"product_cat-biodigestores","7":"product_cat-domesticos-biodigestores","8":"product_tag-rotoplas","10":"first","11":"instock","12":"shipping-taxable","13":"purchasable","14":"product-type-simple"},"jetpack_sharing_enabled":true,"_links":{"self":[{"href":"https:\/\/cobin.com.ar\/index.php\/wp-json\/wp\/v2\/product\/2472","targetHints":{"allow":["GET"]}}],"collection":[{"href":"https:\/\/cobin.com.ar\/index.php\/wp-json\/wp\/v2\/product"}],"about":[{"href":"https:\/\/cobin.com.ar\/index.php\/wp-json\/wp\/v2\/types\/product"}],"replies":[{"embeddable":true,"href":"https:\/\/cobin.com.ar\/index.php\/wp-json\/wp\/v2\/comments?post=2472"}],"version-history":[{"count":1,"href":"https:\/\/cobin.com.ar\/index.php\/wp-json\/wp\/v2\/product\/2472\/revisions"}],"predecessor-version":[{"id":5852,"href":"https:\/\/cobin.com.ar\/index.php\/wp-json\/wp\/v2\/product\/2472\/revisions\/5852"}],"wp:featuredmedia":[{"embeddable":true,"href":"https:\/\/cobin.com.ar\/index.php\/wp-json\/wp\/v2\/media\/2475"}],"wp:attachment":[{"href":"https:\/\/cobin.com.ar\/index.php\/wp-json\/wp\/v2\/media?parent=2472"}],"wp:term":[{"taxonomy":"product_brand","embeddable":true,"href":"https:\/\/cobin.com.ar\/index.php\/wp-json\/wp\/v2\/product_brand?post=2472"},{"taxonomy":"product_cat","embeddable":true,"href":"https:\/\/cobin.com.ar\/index.php\/wp-json\/wp\/v2\/product_cat?post=2472"},{"taxonomy":"product_tag","embeddable":true,"href":"https:\/\/cobin.com.ar\/index.php\/wp-json\/wp\/v2\/product_tag?post=2472"}],"curies":[{"name":"wp","href":"https:\/\/api.w.org\/{rel}","templated":true}]}}